{"id":67,"date":"2023-08-07T09:44:04","date_gmt":"2023-08-07T07:44:04","guid":{"rendered":"http:\/\/vcfreudental.de\/?page_id=67"},"modified":"2023-09-20T12:56:28","modified_gmt":"2023-09-20T10:56:28","slug":"beach","status":"publish","type":"page","link":"http:\/\/www.vcfreudental.de\/index.php\/volleyball\/beach\/","title":{"rendered":"Beach"},"content":{"rendered":"\n<p>1996 hat der VCF neben dem Parkplatz der Sch\u00f6nenberghalle vom Gemeinderat die M\u00f6glichkeit bekommen ein eigenes Beachvolleyballfeld zu bauen.<\/p>\n\n\n\n<p>Dieses Ereignis wurde von den Mitgliedern mit viel Schwei\u00df und Arbeit, aber auch viel Spa\u00df, in Angriff genommen. So entstand dann nach ca. einem halben Jahr Bauzeit und der Verarbeitung von ungef\u00e4hr 60 Tonnen Kies und 250Tonnen Sand das Beachfeld durch die beachtliche Leistung der VCF-Mitglieder. Es wurden noch eine Dusche sowie ein Beachh\u00fcttle errichtet.<\/p>\n\n\n\n<p>Allerdings musste dieses Beachfeld, dem Bau der neuen Halle weichen, wurde aber in \u00e4hnlicher Form hinter der neuen Halle in Richtung Kleinspielfeld wieder aufgebaut. Das Feld ist f\u00fcr jedermann zug\u00e4nglich um sich ein bisschen sportlich zu bet\u00e4tigen. W\u00e4hrend seinen Trainingszeiten hat der VCF allerdings Vorrang.<\/p>\n\n\n\n<p>Seit der Fertigstellung des Beachfeldes veranstaltet der VCF jedes Jahr vereinsinterne Turniere, etc. Auch wird sich der Verein bem\u00fchen weitere Beachvolleyballturniere auf die Beine zu stellen, an denen auch Spieler teilnehmen k\u00f6nnen, die keinem Verein angeh\u00f6ren oder in anderen Vereinen spielen.<\/p>\n\n\n\n<figure class=\"wp-block-image\"><img decoding=\"async\" src=\"http:\/\/alt.vcfreudental.de\/images\/phocagallery\/Volleyball\/Beachvolleyball\/Beachturnier-VCF-2013\/thumbs\/phoca_thumb_l_4tes-freudentaler-beachturnier%201.jpg\" alt=\"\"\/><\/figure>\n","protected":false},"excerpt":{"rendered":"<p>1996 hat der VCF neben dem Parkplatz der Sch\u00f6nenberghalle vom Gemeinderat die M\u00f6glichkeit bekommen ein eigenes Beachvolleyballfeld zu bauen. Dieses Ereignis wurde von den Mitgliedern mit viel Schwei\u00df und Arbeit, &hellip; <a href=\"http:\/\/www.vcfreudental.de\/index.php\/volleyball\/beach\/\" class=\"more-link\"><span class=\"screen-reader-text\">Beach<\/span> weiterlesen <span class=\"meta-nav\">&rarr;<\/span><\/a><\/p>\n","protected":false},"author":1,"featured_media":0,"parent":53,"menu_order":26,"comment_status":"closed","ping_status":"closed","template":"","meta":{"footnotes":""},"class_list":["post-67","page","type-page","status-publish","hentry"],"_links":{"self":[{"href":"http:\/\/www.vcfreudental.de\/index.php\/wp-json\/wp\/v2\/pages\/67","targetHints":{"allow":["GET"]}}],"collection":[{"href":"http:\/\/www.vcfreudental.de\/index.php\/wp-json\/wp\/v2\/pages"}],"about":[{"href":"http:\/\/www.vcfreudental.de\/index.php\/wp-json\/wp\/v2\/types\/page"}],"author":[{"embeddable":true,"href":"http:\/\/www.vcfreudental.de\/index.php\/wp-json\/wp\/v2\/users\/1"}],"replies":[{"embeddable":true,"href":"http:\/\/www.vcfreudental.de\/index.php\/wp-json\/wp\/v2\/comments?post=67"}],"version-history":[{"count":1,"href":"http:\/\/www.vcfreudental.de\/index.php\/wp-json\/wp\/v2\/pages\/67\/revisions"}],"predecessor-version":[{"id":68,"href":"http:\/\/www.vcfreudental.de\/index.php\/wp-json\/wp\/v2\/pages\/67\/revisions\/68"}],"up":[{"embeddable":true,"href":"http:\/\/www.vcfreudental.de\/index.php\/wp-json\/wp\/v2\/pages\/53"}],"wp:attachment":[{"href":"http:\/\/www.vcfreudental.de\/index.php\/wp-json\/wp\/v2\/media?parent=67"}],"curies":[{"name":"wp","href":"https:\/\/api.w.org\/{rel}","templated":true}]}}